
3, 19
Suppose 6*k - 76 = 2*k + 4*f, 0 = -3*k - 3*f + 69. Let o be (-4)/14 + 489/k. Let m = 36 - o. What are the prime factors of m?
13
Suppose 7 = -j + 35. Suppose -4*c + 32 = 4*f, c + j = 3*f + 5*c. Suppose 385 = f*i + i. What are the prime factors of i?
7, 11
Suppose -60 = -4*d - 72, -2*a = 2*d - 3472. What are the prime factors of a?
37, 47
Let o(p) = 2. Let w(v) = v + 3. Let q(b) = -7*o(b) + 3*w(b). Let r(j) = -9*j + 100. Let k be r(10). List the prime factors of q(k).
5
Suppose -4*d - 1040 = -3*t + t, -t = 5*d + 1293. Let o = d - -390. What are the prime factors of o?
131
Let o(d) = -d**3 - d**2 - 3. Let w(h) = -2*h - 1. Suppose 5*v = 0, -1 = -4*x - 3*v + 3. Let j be w(x). What are the prime factors of o(j)?
3, 5
Let k = 2874 + -2044. List the prime factors of k.
2, 5, 83
Suppose 0 = -15*t + 10892 + 17233. What are the prime factors of 4/(-8) - (t/(-6) - -1)?
311
Let z(q) = 26*q**2 + 15*q - 49. What are the prime factors of z(4)?
7, 61
List the prime factors of 831 + -2*2/4.
2, 5, 83
Let f(n) = 28*n + 45. Let s(u) = -14*u - 23. Let l(w) = 2*f(w) + 5*s(w). List the prime factors of l(-8).
3, 29
Let d(c) = -2*c + 38. Let f(p) = -5*p + 77. Let x(k) = -5*d(k) + 3*f(k). Let y(w) = 2*w - 20. Let r(n) = -3*x(n) - 7*y(n). List the prime factors of r(-8).
3
Let c = 134 - -247. List the prime factors of c.
3, 127
Suppose 8*f = 3*f + 20, 0 = -5*q + 3*f + 6673. What are the prime factors of q?
7, 191
Let g(x) = 3*x**2 - 2*x - 12 + 8 + 5*x. List the prime factors of g(-4).
2
Let f be 7337/55 + 4/(-10). Suppose 4*i - f = 55. What are the prime factors of i?
47
Let o(x) = -82*x**2 + 9*x - 8. Let y(k) = -83*k**2 + 8*k - 7. Let i(s) = 3*o(s) - 4*y(s). List the prime factors of i(1).
5, 17
Let z(o) = 3*o + 12. Let a be z(-5). List the prime factors of a - (6/(-2) - 89).
89
Let i be (33/(-9))/(-1*5/1530). List the prime factors of ((-3)/1)/((-18)/i).
11, 17
What are the prime factors of ((-2)/(-1))/((-36)/(-2970))?
3, 5, 11
Let b(v) = 2*v**2 - 9*v - 11. Let p be b(6). Suppose 16*y = p*y + 1944. What are the prime factors of y?
2, 3
Suppose 0 = 4*p + 4*u - 32, -p - u = 4*u - 24. Suppose -p*d - 9 = 2*i - 39, -3*i = -d + 11. What are the prime factors of d?
2
Let y = -2379 + 3574. List the prime factors of y.
5, 239
Suppose 0 = p + 64 + 180. Let a = p - -345. What are the prime factors of a?
101
Let q(n) = 50*n - 85. What are the prime factors of q(3)?
5, 13
Let q(b) = -2*b - 10. Let r be q(-8). Let t = 0 + r. Let g = t + 9. List the prime factors of g.
3, 5
Suppose -27*o = -26*o - 4. Suppose -4*v - 1023 = -5*j, -o*j + v + 814 = -0*v. List the prime factors of j.
7, 29
Suppose 19*w + 2684 = 12545. What are the prime factors of w?
3, 173
Let t be ((-25)/5 - -2)/(-1*1). Suppose 0 = -4*c - h + 23 + 353, t*h = -12. What are the prime factors of c?
5, 19
Suppose t - 1914 = -5*d, 1934 = t - 0*t - 5*d. What are the prime factors of t?
2, 13, 37
Let g be ((-3)/(-5))/((-3)/(-15)). Let o be (6 + 0)/g + 3. Suppose -70 = -o*l + 2*l - 4*i, l = 3*i + 6. List the prime factors of l.
2, 3
Let m(b) = b + 17. Let z(l) = -4*l - 69. Let h(q) = 9*m(q) + 2*z(q). Let s be h(-11). List the prime factors of s - 7 - (-61 - 3).
61
What are the prime factors of (113 + 2/(-2))*(-1064)/(-112)?
2, 7, 19
Let h = 7717 + -3728. What are the prime factors of h?
3989
Suppose y - 1 = -24. Let s = -26 - -13. Let t = s - y. What are the prime factors of t?
2, 5
Let h = 19 + -17. Let s(y) = -h*y - 2*y**2 + 8*y**2 + 11 - 5*y**2. What are the prime factors of s(7)?
2, 23
Let u(g) = -2*g + 50. What are the prime factors of u(21)?
2
Let p be (-2216)/14 + (46/14 - 3). Let j = -68 - p. What are the prime factors of j?
2, 3, 5
Let n = -61 + 289. What are the prime factors of n?
2, 3, 19
Suppose -42911 + 8471 = 5*b. What are the prime factors of b/(-108) + 2/9?
2
Let f = -1038 - -1490. What are the prime factors of f?
2, 113
Suppose -7560 = -20*a + 11*a. List the prime factors of a.
2, 3, 5, 7
Suppose 27*t - 7343 = -2*w + 24*t, -w + t = -3674. List the prime factors of w.
3673
Let j(u) = -u**2 - 6*u - 3. Let o be j(-5). Suppose -o*g = 2*g - 5*p - 213, 0 = -2*g - 5*p + 99. List the prime factors of g.
2, 13
Let p be (-1)/(40/12 - 3). Let f be -4*(p - (-12)/(-4)). Suppose -3*v - f + 69 = 0. What are the prime factors of v?
3, 5
Let i(n) = -5*n**3 - 2*n**2 + 4*n + 5. Let g = -1 + -1. Let q be i(g). Suppose q = 3*o + j, 3*o + j = -o + 37. List the prime factors of o.
2
Let m(s) = -s**2 + 6*s - s + 3*s - 12. Let t be m(10). Let c = 56 + t. List the prime factors of c.
2, 3
Let z(r) = -5*r + 4*r + 11 + r**2 - 5. Let m be z(4). Suppose a = -0*a + m. What are the prime factors of a?
2, 3
Let o be 1/3*((-110)/(-10) - -7). Suppose 556 - 2122 = -o*s. What are the prime factors of s?
3, 29
Suppose -k = -2*k + 36. Let b = 40 - k. What are the prime factors of b?
2
Let k(n) = -104*n**3 - 7*n**2 - 13*n + 5. List the prime factors of k(-4).
7, 23, 41
Suppose -3*r + 539 + 331 = 0. List the prime factors of r.
2, 5, 29
Let s = -5167 + 3475. What are the prime factors of ((s/16)/(-3))/(6/8)?
47
Let z = 2764 + 24. What are the prime factors of z?
2, 17, 41
Let x be (-1)/(1/46*-2). Suppose -3*b + 4*b - 51 = 0. Let k = b - x. List the prime factors of k.
2, 7
Let c(i) = -162*i + 30. What are the prime factors of c(-7)?
2, 3, 97
List the prime factors of -7 - ((3 - -1) + -242).
3, 7, 11
What are the prime factors of -684*(24/(-9) + 8/48)?
2, 3, 5, 19
Let z(l) be the second derivative of -l**5/20 + 5*l**4/6 + 17*l**3/6 + 9*l**2/2 - 19*l. List the prime factors of z(11).
3, 5
Let b(v) = v**2 - 10*v - 15. What are the prime factors of b(19)?
2, 3, 13
Let m(g) = 78*g - 3. Let n be m(2). Suppose -x - 1 = -n. List the prime factors of x.
2, 19
Suppose 8 + 22 = -3*f. Let u = f - -42. What are the prime factors of u?
2
Suppose 15 = 6*t - 15. Let k(j) = 22*j - 7. List the prime factors of k(t).
103
Let t = 746 - 313. List the prime factors of t.
433
Suppose -23 = 5*w + 2*f, 5*f = -2*w + 5*w - 11. Let q be ((-4)/6)/(w/(-288)). What are the prime factors of (q/40)/(1/(-10))?
2
Let t(n) = 5*n**3 - 4*n**2 + 12*n - 42. List the prime factors of t(6).
2, 3, 7, 23
Suppose -u = 4*h - 46, 2*h = -2*u + 4 + 16. Let q(l) = -l**2 + 13*l - 14. Let y be q(h). List the prime factors of (-3)/y*86/3.
43
Suppose 4*v - 9*v = t - 256, -3*v = 3. What are the prime factors of t?
3, 29
Suppose -22*s + 30695 + 3493 = 0. What are the prime factors of s?
2, 3, 7, 37
Suppose -5*t = 5*g + 130, 3*g - 5*t + 74 = -6*t. List the prime factors of 3/2 - (-4)/g*-3.
2
Suppose -5*d = 2*d + 49. What are the prime factors of (d - -6)/(2/(-182)*1)?
7, 13
Let y = -35 + 35. Suppose y = 5*v + 3*o - 353, -4*v - 3*o + 4*o + 296 = 0. What are the prime factors of v?
73
Suppose m = -v - 2, 2*v = m + 3*m - 16. Suppose -4*b - 1 = -9. Suppose -m = -b*d + 22. List the prime factors of d.
2, 3
Let m be (-1)/(1/(-27)*(-5 - -2)). Let j(q) = -12*q - 36. List the prime factors of j(m).
2, 3
Suppose -2*k + 148 = 4*o, -3*o = -0 + 6. Let m = k - -5. What are the prime factors of m?
83
Let f(i) = -3*i + 1. Let n be f(-1). Let l(k) = k**3 - 3*k**2 - 2*k + 2. What are the prime factors of l(n)?
2, 5
Suppose h = -h + 110. Let u = 35 + h. Suppose -3*x - 2*b = -u, -4*b = 4*x + b - 127. List the prime factors of x.
2, 7
What are the prime factors of (-234)/12*(-768)/18?
2, 13
Suppose 2*c + 61 = 745. Suppose 0*m + c = -3*m. What are the prime factors of 1/(-1 - m/111)?
37
Let k(o) be the second derivative of -o**5/10 - o**4/12 + o**3/2 - o**2/2 + 5*o. Let y be k(3). Let d = -35 - y. List the prime factors of d.
2, 5
Let d(y) = -8*y - 1. Let i(r) = -r**2 + 6*r - 5. Let w be i(4). Suppose -3 = w*t, 4*t - 2*t - 4 = 2*a. What are the prime factors of d(a)?
23
Suppose -b = -0*b - 2. Suppose 0 = -6*k + b*k + 16. Suppose -12 = -k*w + 4*y + 16, -3*y = -4*w + 25. What are the prime factors of w?
2
Let x = -108 + 178. List the prime factors of 20/x + (0 - 1354/(-14)).
97
Let r(x) be the third derivative of x**4/6 - 23*x**3/6 - 10*x**2. Let a be r(10). Let o = 36 - a. List the prime factors of o.
19
Let u be ((-2)/(-1) + 1)*3. Let g = -8 + u. Let m(o) = 7*o**3 + 1. List the prime factors of m(g).
2
Let i(z) = -z**2 - 3*z + 2. Let c = 21 + -6. Let x = 12 - c. List the prime factors of i(x).
2
What are the prime